 is the hundred millions digit of 390478437?
3
What is the hundreds digit of 180795739?
7
What is the thousands digit of 23761951?
1
What is the ten millions digit of 438677984?
3
What is the thousands digit of 50935525?
5
What is the ten thousands digit of 383966539?
6
What is the tens digit of 754255474?
7
What is the hundred thousands digit of 50905506?
9
What is the units digit of 326184127?
7
What is the units digit of 139391813?
3
What is the thousands digit of 2499150628?
0
What is the hundred thousands digit of 114543544?
5
What is the ten millions digit of 408516581?
0
What is the thousands digit of 42530521?
0
What is the millions digit of 1006308129?
6
What is the hundreds digit of 40901007?
0
What is the ten thousands digit of 5851355267?
5
What is the hundred thousands digit of 94277335?
2
What is the units digit of 27854966?
6
What is the units digit of 7381073?
3
What is the units digit of 732375437?
7
What is the hundred millions digit of 2912481483?
9
What is the hundred thousands digit of 225231396?
2
What is the ten thousands digit of 179107147?
0
What is the units digit of 397220976?
6
What is the thousands digit of 39362633?
2
What is the thousands digit of 1712420815?
0
What is the billions digit of 3671890051?
3
What is the units digit of 3102005?
5
What is the ten millions digit of 1145017855?
4
What is the units digit of 531643550?
0
What is the hundred thousands digit of 114553762?
5
What is the hundreds digit of 57743174?
1
What is the thousands digit of 62289569?
9
What is the millions digit of 538767580?
8
What is the ten millions digit of 664136657?
6
What is the hundred thousands digit of 401026701?
0
What is the millions digit of 54654121?
4
What is the ten millions digit of 111175376?
1
What is the hundred millions digit of 359424349?
3
What is the thousands digit of 17940024?
0
What is the millions digit of 151534079?
1
What is the ten thousands digit of 4694207334?
0
What is the tens digit of 360078382?
8
What is the ten thousands digit of 319956863?
5
What is the thousands digit of 1131477342?
7
What is the units digit of 48655064?
4
What is the thousands digit of 719938?
9
What is the hundreds digit of 188745220?
2
What is the millions digit of 204849820?
4
What is the hundred millions digit of 1581694960?
5
What is the ten millions digit of 1382835198?
8
What is the ten millions digit of 32835649?
3
What is the tens digit of 301593779?
7
What is the thousands digit of 40320238?
0
What is the hundreds digit of 570978813?
8
What is the units digit of 221430155?
5
What is the hundred thousands digit of 32232115?
2
What is the hundreds digit of 3748652272?
2
What is the millions digit of 243725359?
3
What is the hundred thousands digit of 272194031?
1
What is the thousands digit of 9914175?
4
What is the hundred thousands digit of 6364993?
3
What is the hundred millions digit of 1403251292?
4
What is the ten millions digit of 1722918623?
2
What is the ten millions digit of 1552560921?
5
What is the tens digit of 6964487?
8
What is the thousands digit of 93191358?
1
What is the units digit of 138150715?
5
What is the hundred thousands digit of 511061258?
0
What is the units digit of 3340715666?
6
What is the tens digit of 15520037?
3
What is the ten thousands digit of 48813494?
1
What is the ten thousands digit of 42094630?
9
What is the hundred millions digit of 427707429?
4
What is the ten thousands digit of 191201610?
0
What is the tens digit of 32403363?
6
What is the hundreds digit of 47958580?
5
What is the millions digit of 155499359?
5
What is the ten millions digit of 37966303?
3
What is the billions digit of 1804511534?
1
What is the hundreds digit of 54459683?
6
What is the ten thousands digit of 16611132?
1
What is the ten millions digit of 1861482583?
6
What is the tens digit of 382594319?
1
What is the tens digit of 1079836346?
4
What is the hundred thousands digit of 27452985?
4
What is the hundred thousands digit of 69231796?
2
What is the tens digit of 39310390?
9
What is the ten thousands digit of 303097490?
9
What is the ten millions digit of 63202994?
6
What is the ten millions digit of 1430437941?
3
What is the units digit of 61610237?
7
What is the ten thousands digit of 65657395?
5
What is the millions digit of 4538847057?
8
What is the ten millions digit of 21801675?
2
What is the thousands digit of 3243676789?
6
What is the hundred millions digit of 734106441?
7
What is the ten thousands digit of 14609394?
0
What is the billions digit of 1223822171?
1
What is the hundreds digit of 5388743598?
5
What is the thousands digit of 18359190?
9
What is the hundred thousands digit of 155374895?
3
What is the millions digit of 96439301?
6
What is the millions digit of 250725492?
0
What is the ten thousands digit of 45129177?
2
What is the tens digit of 181935742?
4
What is the hundred thousands digit of 427525?
4
What is the millions digit of 2366218412?
6
What is the hundred millions digit of 4962572692?
9
What is the tens digit of 11423045?
4
What is the millions digit of 14001606?
4
What is the thousands digit of 75483877?
3
What is the ten millions digit of 70365558?
7
What is the tens digit of 2557405097?
9
What is the ten millions digit of 391290576?
9
What is the ten millions digit of 2585643295?
8
What is the ten thousands digit of 2494149509?
4
What is the ten thousands digit of 27515417?
1
What is the thousands digit of 30752067?
2
What is the millions digit of 1326330317?
6
What is the thousands digit of 1141638581?
8
What is the hundreds digit of 1620948?
9
What is the units digit of 62568939?
9
What is the ten millions digit of 966956786?
6
What is the hundreds digit of 136959104?
1
What is the millions digit of 6720144486?
0
What is the thousands digit of 203361214?
1
What is the ten millions digit of 119695615?
1
What is the tens digit of 61875019?
1
What is the ten millions digit of 123450405?
2
What is the hundred thousands digit of 593666603?
6
What is the units digit of 2138115832?
2
What is the millions digit of 4078537350?
8
What is the units digit of 343935135?
5
What is the hundred thousands digit of 2780833?
7
What is the units digit of 558807705?
5
What is the ten millions digit of 253754387?
5
What is the tens digit of 142861303?
0
What is the thousands digit of 528283380?
3
What is the ten millions digit of 2976683728?
7
What is the ten thousands digit of 446798378?
9
What is the tens digit of 27120709?
0
What is the hundred thousands digit of 1019947819?
9
What is the hundreds digit of 36533671?
6
What is the ten thousands digit of 592765713?
6
What is the thousands digit of 296212900?
2
What is the hundreds digit of 1056197302?
3
What is the hundreds digit of 151265787?
7
What is the hundred millions digit of 413232749?
4
What is the units digit of 1444853402?
2
What is the ten thousands digit of 477707166?
0
What is the ten millions digit of 288764193?
8
What is the tens digit of 762935563?
6
What is the units digit of 5972115502?
2
What is the millions digit of 4903408504?
3
What is the hundreds digit of 18246545?
5
What is the hundred millions digit of 278871562?
2
What is the hundred thousands digit of 801561541?
5
What is the millions digit of 16825827?
6
What is the hundred thousands digit of 246130671?
1
What is the units digit of 5193589390?
0
What is the tens digit of 187757045?
4
What is the units digit of 107231067?
7
What is the hundreds digit of 213123656?
6
What is the units digit of 917469937?
7
What is the tens digit of 5801231313?
1
What is the hundred thousands digit of 51895949?
8
What is the hundreds digit of 1192987732?
7
What is the tens digit of 341005325?
2
What is the thousands digit of 367024794?
4
What is the hundred thousands digit of 4991970468?
9
What is the hundred millions digit of 1078988025?
0
What is the hundred millions digit of 1587438839?
5
What is the thousands digit of 716877690?
7
What is the millions digit of 77839156?
7
What is the millions digit of 119576091?
9
What is the ten millions digit of 620877044?
2
What is the hundred thousands digit of 328225607?
2
What is the hundreds digit of 1084136638?
6
What is the millions digit of 28090806?
8
What is the ten thousands digit of 1665437425?
3
What is the millions digit of